et x = -58 - -102. Let i = p - x. Calculate n(i).
-1
Let r = -33535 - -33532. Let l(v) = 4 - 2 + 5*v - 2*v. Give l(r).
-7
Let k(p) = -p**2 + 2*p + 4. Suppose -940 = -6*r - 100. Let h = r + -143. What is k(h)?
-11
Let i(g) = -149 + g**3 + 61*g - 23*g**2 + 116 - 9*g**2. Let b be i(30). Let a(f) = 2*f**2 + 3*f - 2. What is a(b)?
7
Let f(n) = 24*n**2 + 529*n + 18. Let b be f(-22). Let q(x) = -6*x**2 - 2*x + 1. Give q(b).
-87
Let h(d) = -3*d**2 - 66*d + 125. Let u(f) = f**2 + 20*f - 41. Let a(q) = -4*h(q) - 13*u(q). Calculate a(-5).
-12
Let f(s) = s**2 - 24*s + 122. Let i(x) = 117*x + 1646. Let m be i(-14). What is f(m)?
-6
Let s(l) = -3*l + 30. Let t(x) = 15*x**3 + 121*x**2 + 3*x - 30. Let j be t(-8). Determine s(j).
0
Let t(r) = r**2 + 8*r + 7. Let b(x) = 3*x**2 - 6*x + 639 - 4*x**2 - 653. Let h be b(-3). Give t(h).
-8
Suppose 19*m - 42*m + 69 = 0. Suppose -60 = -m*d - 72, -5*t + 5*d + 40 = 0. Let l(k) = k**3 - 5*k**2 + 2*k + 7. Calculate l(t).
-1
Let q be 54*(-4)/(-864) - (-1)/(8/(-130)). Let a(p) = p**2 + 11*p - 1. Determine a(q).
79
Let s(j) be the third derivative of -j**5/60 - 7*j**4/6 + 23*j**3/2 + j**2 - 2*j + 61. Calculate s(-31).
-24
Let k = -1216 - -1245. Let x(h) = 2*h + 0*h - 2*h**2 + 53*h**3 - 23*h**3 - 3*h**2 - k*h**3. Suppose 2*n = 3*n - 5. Give x(n).
10
Let p(s) be the second derivative of -79*s + 1/6*s**3 + 5*s**2 + 0. What is p(-9)?
1
Let b(d) = -5*d**3 - d**2 - 2*d + 2. Let w(o) = 5*o - 43. Let t be w(9). Suppose -9*r + t = -7*r. What is b(r)?
-6
Suppose 0 = y - 5*w - 11, -3*y + 0*w + 33 = 5*w. Suppose 1 = -5*u + y. Let l(i) = -49 + i**u + 49. Give l(-4).
16
Let a(s) = -5*s - 15. Let c be -1*5 + (-32 - -37). Determine a(c).
-15
Let j(i) = -5*i. Let r(n) be the first derivative of -5*n**2 + 2*n - 68. Let u(y) = 5*j(y) - 2*r(y). Give u(6).
-34
Let o(p) be the first derivative of 2*p**3/3 + p**2 - 11*p - 2979. Determine o(-7).
73
Suppose -z = 4*n - 96, 3*n = 2*z - z + 79. Suppose 3*h - 10 = l, 0 = -h + 5*l + n - 3. Let q(v) = 6 + 5*v**2 + v**h - 4*v - 4*v**2 - 3*v**2. Calculate q(-5).
1
Let a(f) = 6*f + 27. Suppose -127*t + 13*t - 981 = -5*t. What is a(t)?
-27
Let s = -232 + 115. Let r = s - -108. Let g(f) = 9*f + 0*f**2 + f**2 - 6 - 1. Determine g(r).
-7
Let r(c) = -2 - 10 - c**2 + c + 5*c + 5. Suppose -6*u + 5 + 25 = 0. Give r(u).
-2
Let p(m) be the third derivative of 7*m**4/24 + 7*m**3/6 + 2258*m**2. What is p(9)?
70
Let z be (-213)/(9159/129) - (-8)/2. Let u(o) be the second derivative of -19*o**5/10 - o**4/12 + o**3/6 - o. Give u(z).
-38
Let t(u) = 2*u + 5. Let c = -17 - 12. Let n = c + 38. Suppose n = 3*i - 3*j, i + 2*j - 7 = j. Determine t(i).
15
Let n(o) = 9*o + 2*o + o - 11*o + o**2 - 71. What is n(8)?
1
Let q(d) be the first derivative of -d**2/2 + d - 296. Give q(-5).
6
Let x be 0/13*(-3)/(-21). Suppose -3*b - 2*p = 16, x = 2*b - 0*b - 4*p. Let y(k) = k**2 + 2*k - 5. Give y(b).
3
Suppose 33 = 8*s - 7. Let l(w) = -6*w + 40. Let i be l(s). Let o(g) = g**3 - 9*g**2 - 11*g - 7. Determine o(i).
-17
Let j(s) be the first derivative of 2*s + 0*s**2 - 79 + 1/3*s**3. Calculate j(-1).
3
Let r(p) = -p**3 - 6*p**2 - 6*p + 1. Let b be r(-5). Let y(q) be the third derivative of q**6/120 - q**5/12 - q**4/3 + 4*q**3/3 - 33*q**2 - 315*q. Give y(b).
-4
Let w(d) = -2*d - 16. Suppose 6*q - 37 - 29 = 0. Suppose 9*b - q*b - 22 = 0. Calculate w(b).
6
Let s(p) be the first derivative of -69*p**2/2 - 348*p + 13949. Calculate s(-5).
-3
Suppose o - 12 = -4*i, 33*i + 3*o = 37*i + 4. Let d(n) = -n**3 - 3 - 1 - 6*n**2 + 5*n**2 - 4*n**i - 3*n. Let h(u) = -u + 4. Let r be h(8). What is d(r)?
-8
Let j be 5/((-10)/(-4)) + 11. Let s(b) be the first derivative of b**3/3 - 6*b**2 - 19*b - 543. What is s(j)?
-6
Let r = -1644 + 1639. Let p(a) = -a**3 - 4*a**2 + 4*a - 19. Determine p(r).
-14
Let y(w) be the third derivative of w**4/24 - w**3 - w**2. Let c(g) = -2*g**2 + 2771*g - 19306. Let i be c(7). What is y(i)?
-13
Let x(c) = -c + 7. Let a(l) = -l**3 + l**2 + 13. Let i be a(0). Let b be (0 - 3)*(-11 - -10). Suppose 31 = b*n + i. Calculate x(n).
1
Let u(a) be the first derivative of a**5/30 + 7*a**4/24 + 2*a**3/3 + 11*a**2/2 - 7. Let t(j) be the second derivative of u(j). Let n = 0 - 4. Give t(n).
8
Let w(p) = -2*p**2 + 2*p + 1. Let f(i) = -3*i**2 - 3*i - 4. Let j(z) = -f(z) + 2*w(z). Let g = -6 - -8. Suppose -g*r + 11 = k, 3*k + 4 = r - 12. Give j(r).
6
Let b(y) = y**3 - 4*y**2 - 3*y - 6. Suppose 7*z - 80 = 5*z. Suppose -z - 65 = -21*s. Give b(s).
4
Let n(k) = 21*k**3 + 3*k**2 + 4*k + 3. Let d be (-1 - (-7)/2)*16/(-8). Let i(m) = -11*m**3 - m**2 - 2*m - 1. Let v(w) = d*i(w) - 2*n(w). Determine v(1).
13
Let a(c) = -c**3 + 6*c**2. Suppose -2*h = 2*h + 8. Suppose -163*p = -167*p + 12. Let w be 1*(p - -1) - h. Calculate a(w).
0
Let q(f) = -456*f**3 - 6*f - 470*f**3 + 11*f**2 - 7*f - 2 + 925*f**3 - 11. Calculate q(10).
-43
Let a(x) = x**3 - 2*x**2 + x + 2. Let j(d) = 15*d**3 - 23*d**2 - 7*d + 31. Let k(n) = -14*a(n) + j(n). Give k(-8).
-21
Let y(u) = u + 7. Let z be y(-5). Suppose -9*n = 4*n + 52. Let k be (-20)/n - -1 - z. Let v(j) = -j**2 + 4*j + 5. Calculate v(k).
5
Let k(y) = 371*y**2 + 2222*y - 20. Let g be k(-6). Suppose -5*s + 6 + 9 = 0. Let q(f) = -s*f - f + 2*f + 3. What is q(g)?
-5
Let n(p) = -3*p**2 + 76*p + 36. Let v(o) = o**2 - 33*o - 18. Let g(i) = 2*n(i) + 5*v(i). Calculate g(-12).
-6
Let n = 11 + -18. Let y(a) be the first derivative of 74 + 7*a + 1/2*a**2. Give y(n).
0
Suppose -y = -2*z + 8 - 1, 4*y - 8 = -4*z. Let h be 422/12 - 23/138. Let b(j) = -h*j - 2*j**2 + z - 32*j + 65*j. What is b(2)?
-9
Suppose 6*p - 22 = 14. Suppose -p*n + 355 = 103. Let i(z) = -n + 34 - z + 2*z. Calculate i(5).
-3
Let i(t) = 5 - 107*t + 36*t + 8 + 39*t - t**2 + 28*t. Calculate i(-7).
-8
Suppose 4*b = -5*y - 0*b + 4, -3*y = 4*b + 4. Let x be (-5)/((-5)/12) + 0/y. Let i = x + -7. Let h(m) = -m + 1. Give h(i).
-4
Let k be (-2178)/(-44)*2/3. Suppose h - k = 34*h. Let m(q) be the first derivative of -7*q**4/2 + q**3/3 + 1. Calculate m(h).
15
Let s = 12 - 1. Let u(y) = 3 + 49*y - y**2 - 38*y - y + y. Calculate u(s).
3
Let b(x) be the third derivative of x**4/24 - x**3/6 - 11*x**2 + 10. Let h = 13 - 11. Determine b(h).
1
Let h(d) be the first derivative of d**3/3 - 15*d**2/2 + 12*d + 876. What is h(19)?
88
Suppose -4*h - 2 + 14 = 0. Suppose -h*i = -6*i + 219. Let k = -67 + i. Let s(g) = 2*g - 9. What is s(k)?
3
Let p be 0/(80/35 + (-2)/7). Suppose p = -0*g + g + 4*f - 33, -4*g = -3*f - 37. Let x(d) = -14*d - g*d - d**2 - 8 + 18*d. Give x(-8).
0
Let b be 13/(26/348)*(4 - 3). Let i = b + -171. Let y(f) = -f**2 + 2*f + 6. Give y(i).
3
Let s be (-2050)/12 - (-4 + 125/30). Let t = s - -186. Let h(i) = i**2 - 15*i + 6. Calculate h(t).
6
Let k(w) = -3*w + 5. Let s = -40 - -58. Suppose 0 = s*j + 64 + 8. Determine k(j).
17
Suppose 3*j - 4*u = 11 + 4, 0 = -4*u. Suppose q + 28 = j*q. Let x(d) = -2*d + 17. Let f be x(q). Let m(y) = -y**2 + 3*y - 4. Give m(f).
-4
Let g(o) = 16527*o - 16516*o - 3 - 9 - 2*o**2 - 8. What is g(4)?
-8
Let b(n) = -n + 12. Let r be b(6). Let d be ((-8)/(-6))/((-140)/(-21) - r). Let l(s) = -7*s**2 + 13*s**2 - 5*s**d + 2 - 8*s + 2. What is l(8)?
4
Let r(s) = 318 - 2*s + 0*s + 3*s - 3*s - 326. Determine r(-6).
4
Let p(z) be the third derivative of -z**6/120 - 3*z**5/20 - 5*z**4/6 + z**3/3 - 74*z**2 - 2. Let b be p(-4). Let l(c) = -8*c**2 - c. Give l(b).
-34
Let d(f) = -f**2 + 4*f + 2. Let p = -31 - -38. Suppose -928 = -p*a - 907. Determine d(a).
5
Let z(i) = 849*i + 36. Let t(b) = -200*b - 9. Let k(v) = 17*t(v) + 4*z(v). Calculate k(-5).
11
Let a = 8354 - 8340. Let x(q) = -7*q + 106. Give x(a).
8
Let b(n) = 24*n**2 + 44. Let c(l) = -19*l**2 - 45. Let s(r) = 4*b(r) + 5*c(r). Give s(0).
-49
Let g(n) = 2*n - 9. Let j be ((-140)/42 - (-4)/(-6)) + 4. Suppose 8*s - 2*s = j. Let m = s - -6. Give g(m).
3
Let z(h) = h**3 + 9*h**2 + 6*h + 14. Let q be 49/(-21)*768/224. Give z(q).
30
Let w(a) = -2*a**3 - 152*a**2 + 312*a + 2. Let j be w(-78). Let f(u) = u**2 - 56*u + 109. Give f(j).
1
Let w = -7780 - -7792. Let v(f) = -2*f**2 + 24*f - 3. Calculate v(w).
-3
Let t(l) = 3*l**2 + 10*l + 22. Let x be ((-6)/4)/((-435)/120 - -4). Calculate t(x).
30
Let a(x) be the second derivative of -x**5/60 - x**3/6 - 93*x**2/2 - 70*x + 2. Let g(u) be the first derivative of a(u). Determ